238 is divided by 99737?
27
What is the remainder when 30096 is divided by 14971?
154
Calculate the remainder when 164766 is divided by 1247.
162
What is the remainder when 33911 is divided by 1060?
1051
Calculate the remainder when 5228 is divided by 902.
718
What is the remainder when 330 is divided by 113?
104
Calculate the remainder when 8787 is divided by 1231.
170
Calculate the remainder when 26564 is divided by 91.
83
What is the remainder when 127900 is divided by 327?
43
What is the remainder when 11116 is divided by 2181?
211
What is the remainder when 1959 is divided by 957?
45
What is the remainder when 412807 is divided by 12?
7
Calculate the remainder when 25063 is divided by 40.
23
Calculate the remainder when 6889 is divided by 2622.
1645
Calculate the remainder when 10638 is divided by 2656.
14
What is the remainder when 5271 is divided by 1317?
3
Calculate the remainder when 6671 is divided by 94.
91
What is the remainder when 1376 is divided by 6?
2
Calculate the remainder when 558 is divided by 187.
184
Calculate the remainder when 2900182 is divided by 56.
54
Calculate the remainder when 9828 is divided by 44.
16
Calculate the remainder when 10823 is divided by 258.
245
What is the remainder when 314265 is divided by 827?
5
What is the remainder when 69474 is divided by 72?
66
Calculate the remainder when 22547 is divided by 91.
70
Calculate the remainder when 2205 is divided by 723.
36
What is the remainder when 1271251 is divided by 184?
179
Calculate the remainder when 60419 is divided by 37.
35
What is the remainder when 450301 is divided by 137?
119
Calculate the remainder when 461654 is divided by 82.
76
Calculate the remainder when 2881 is divided by 983.
915
What is the remainder when 4650 is divided by 465?
0
Calculate the remainder when 16797 is divided by 1097.
342
What is the remainder when 244418 is divided by 4?
2
What is the remainder when 25521 is divided by 9?
6
Calculate the remainder when 15264 is divided by 186.
12
Calculate the remainder when 821144 is divided by 12.
8
Calculate the remainder when 62545 is divided by 1079.
1042
What is the remainder when 469172 is divided by 32?
20
What is the remainder when 201312 is divided by 30?
12
What is the remainder when 36772 is divided by 266?
64
Calculate the remainder when 214404 is divided by 10.
4
Calculate the remainder when 2379 is divided by 186.
147
Calculate the remainder when 1839 is divided by 47.
6
What is the remainder when 199799 is divided by 2664?
2663
Calculate the remainder when 13948 is divided by 2595.
973
Calculate the remainder when 2190 is divided by 201.
180
What is the remainder when 1768997 is divided by 10?
7
Calculate the remainder when 6651 is divided by 324.
171
Calculate the remainder when 9972 is divided by 93.
21
What is the remainder when 278586 is divided by 2872?
2
What is the remainder when 33360 is divided by 91?
54
Calculate the remainder when 149190 is divided by 8.
6
Calculate the remainder when 9920 is divided by 2332.
592
Calculate the remainder when 91617 is divided by 55.
42
What is the remainder when 226228 is divided by 1571?
4
Calculate the remainder when 121546 is divided by 60769.
8
What is the remainder when 13221 is divided by 6610?
1
What is the remainder when 2604 is divided by 226?
118
Calculate the remainder when 2381 is divided by 2096.
285
Calculate the remainder when 146462 is divided by 149.
144
What is the remainder when 205620 is divided by 576?
564
Calculate the remainder when 741822 is divided by 64.
62
Calculate the remainder when 8676 is divided by 217.
213
Calculate the remainder when 158510 is divided by 14397.
143
Calculate the remainder when 151325 is divided by 707.
27
What is the remainder when 1646 is divided by 154?
106
Calculate the remainder when 1528 is divided by 227.
166
What is the remainder when 12556 is divided by 4?
0
What is the remainder when 5201142 is divided by 295?
292
What is the remainder when 2133 is divided by 165?
153
Calculate the remainder when 12872 is divided by 787.
280
What is the remainder when 76261 is divided by 8?
5
What is the remainder when 8759 is divided by 2905?
44
What is the remainder when 141273 is divided by 16?
9
Calculate the remainder when 317986 is divided by 26498.
10
What is the remainder when 7976 is divided by 453?
275
What is the remainder when 246 is divided by 105?
36
Calculate the remainder when 25074 is divided by 20.
14
What is the remainder when 24225 is divided by 197?
191
Calculate the remainder when 50068 is divided by 9986.
138
What is the remainder when 1661321 is divided by 9?
2
What is the remainder when 80231 is divided by 27?
14
What is the remainder when 11493 is divided by 42?
27
Calculate the remainder when 17151 is divided by 78.
69
Calculate the remainder when 80174 is divided by 594.
578
What is the remainder when 4719 is divided by 1284?
867
Calculate the remainder when 139866 is divided by 13.
12
Calculate the remainder when 6920 is divided by 516.
212
Calculate the remainder when 2755941 is divided by 27.
24
Calculate the remainder when 4245 is divided by 204.
165
Calculate the remainder when 253572 is divided by 116.
112
Calculate the remainder when 4586 is divided by 153.
149
What is the remainder when 49097 is divided by 323?
1
Calculate the remainder when 42258 is divided by 7042.
6
What is the remainder when 264 is divided by 126?
12
Calculate the remainder when 1119194 is divided by 1197.
1196
What is the remainder when 57347 is divided by 8?
3
Calculate the remainder when 12216 is divided by 39.
9
Calculate the remainder when 4045 is divided by 78.
67
What is the remainder when 29368 is divided by 10?
8
Calculate the remainder when 2099 is divided by 300.
299
What is the remainder when 493 is divided by 34?
17
Calculate the remainder when 407922 is divided by 19.
11
What is the remainder when 1008351 is divided by 41?
38
Calculate the remainder when 6572927 is divided by 233.
230
Calculate the remainder when 539581 is divided by 188.
21
Calculate the remainder when 236708 is divided by 168.
164
What is the remainder when 42091 is divided by 13?
10
Calculate the remainder when 79950 is divided by 6149.
13
Calculate the remainder when 82599 is divided by 234.
231
What is the remainder when 17665 is divided by 29?
4
What is the remainder when 20159 is divided by 6692?
83
What is the remainder when 33901 is divided by 975?
751
Calculate the remainder when 85122 is divided by 42561.
0
What is the remainder when 1583 is divided by 4?
3
Calculate the remainder when 156719 is divided by 46.
43
Calculate the remainder when 811420 is divided by 1047.
1042
Calculate the remainder when 5596 is divided by 1396.
12
What is the remainder when 35146 is divided by 10?
6
Calculate the remainder when 23235 is divided by 19.
17
What is the remainder when 156320 is divided by 223?
220
Calculate the remainder when 178206 is divided by 602.
14
Calculate the remainder when 28616 is divided by 253.
27
Calculate the remainder when 10853 is divided by 134.
133
Calculate the remainder when 8084 is divided by 447.
38
Calculate the remainder when 111521 is divided by 416.
33
What is the remainder when 60176 is divided by 86?
62
Calculate the remainder when 70151 is divided by 16.
7
Calculate the remainder when 678696 is divided by 19.
16
What is the remainder when 5001 is divided by 3?
0
Calculate the remainder when 39642 is divided by 35.
22
What is the remainder when 22053 is divided by 803?
372
What is the remainder when 284203 is divided by 707?
696
What is the remainder when 17470 is divided by 68?
62
Calculate the remainder when 151889 is divided by 13.
10
What is the remainder when 8458 is divided by 89?
3
What is the remainder when 3519 is divided by 63?
54
Calculate the remainder when 1929 is divided by 41.
2
Calculate the remainder when 28350 is divided by 265.
260
Calculate the remainder when 3280 is divided by 141.
37
Calculate the remainder when 310739 is divided by 68.
47
What is the remainder when 11722 is divided by 469?
466
Calculate the remainder when 87393 is divided by 77.
75
What is the remainder when 12046102 is divided by 837?
835
What is the remainder when 63829 is divided by 103?
72
Calculate the remainder wh